{"id":417,"date":"2018-10-20T09:11:48","date_gmt":"2018-10-20T09:11:48","guid":{"rendered":"https:\/\/zarfcreative.com\/intron2\/?page_id=417"},"modified":"2022-10-18T13:55:07","modified_gmt":"2022-10-18T10:55:07","slug":"bize-ulasin","status":"publish","type":"page","link":"https:\/\/intronglobal.com\/eskisite\/bize-ulasin\/","title":{"rendered":"Bize Ula\u015f\u0131n"},"content":{"rendered":"","protected":false},"excerpt":{"rendered":"","protected":false},"author":1,"featured_media":0,"parent":0,"menu_order":0,"comment_status":"closed","ping_status":"closed","template":"","meta":[],"yoast_head":"<!-- This site is optimized with the Yoast SEO plugin v18.5.1 - https:\/\/yoast.com\/wordpress\/plugins\/seo\/ -->\n<title>\u0130leti\u015fim | \u0130ntron Bili\u015fim<\/title>\n<meta name=\"description\" content=\"\u0130ntron Bili\u015fim&#039;e herhangi bir sorunuz varsa, l\u00fctfen bize mesaj g\u00f6ndermekten \u00e7ekinmeyin.En k\u0131sa zamanda size d\u00f6n\u00fc\u015f yapaca\u011f\u0131z.\" \/>\n<meta name=\"robots\" content=\"index, follow, max-snippet:-1, max-image-preview:large, max-video-preview:-1\" \/>\n<link rel=\"canonical\" href=\"https:\/\/intronglobal.com\/eskisite\/bize-ulasin\/\" \/>\n<meta property=\"og:locale\" content=\"tr_TR\" \/>\n<meta property=\"og:type\" content=\"article\" \/>\n<meta property=\"og:title\" content=\"\u0130leti\u015fim | \u0130ntron Bili\u015fim\" \/>\n<meta property=\"og:description\" content=\"\u0130ntron Bili\u015fim&#039;e herhangi bir sorunuz varsa, l\u00fctfen bize mesaj g\u00f6ndermekten \u00e7ekinmeyin.En k\u0131sa zamanda size d\u00f6n\u00fc\u015f yapaca\u011f\u0131z.\" \/>\n<meta property=\"og:url\" content=\"https:\/\/intronglobal.com\/eskisite\/bize-ulasin\/\" \/>\n<meta property=\"og:site_name\" content=\"\u0130ntron Bili\u015fim\" \/>\n<meta property=\"article:publisher\" content=\"https:\/\/www.facebook.com\/introntr\/\" \/>\n<meta property=\"article:modified_time\" content=\"2022-10-18T10:55:07+00:00\" \/>\n<meta name=\"twitter:card\" content=\"summary_large_image\" \/>\n<meta name=\"twitter:site\" content=\"@intronbilisimtr\" \/>\n<script type=\"application\/ld+json\" class=\"yoast-schema-graph\">{\"@context\":\"https:\/\/schema.org\",\"@graph\":[{\"@type\":\"WebSite\",\"@id\":\"https:\/\/intronglobal.com\/eskisite\/#website\",\"url\":\"https:\/\/intronglobal.com\/eskisite\/\",\"name\":\"\u0130ntron Bili\u015fim\",\"description\":\"Ke\u015ffet, Geli\u015ftir, Uygula...\",\"potentialAction\":[{\"@type\":\"SearchAction\",\"target\":{\"@type\":\"EntryPoint\",\"urlTemplate\":\"https:\/\/intronglobal.com\/eskisite\/?s={search_term_string}\"},\"query-input\":\"required name=search_term_string\"}],\"inLanguage\":\"tr\"},{\"@type\":\"WebPage\",\"@id\":\"https:\/\/intronglobal.com\/eskisite\/bize-ulasin\/#webpage\",\"url\":\"https:\/\/intronglobal.com\/eskisite\/bize-ulasin\/\",\"name\":\"\u0130leti\u015fim | \u0130ntron Bili\u015fim\",\"isPartOf\":{\"@id\":\"https:\/\/intronglobal.com\/eskisite\/#website\"},\"datePublished\":\"2018-10-20T09:11:48+00:00\",\"dateModified\":\"2022-10-18T10:55:07+00:00\",\"description\":\"\u0130ntron Bili\u015fim'e herhangi bir sorunuz varsa, l\u00fctfen bize mesaj g\u00f6ndermekten \u00e7ekinmeyin.En k\u0131sa zamanda size d\u00f6n\u00fc\u015f yapaca\u011f\u0131z.\",\"breadcrumb\":{\"@id\":\"https:\/\/intronglobal.com\/eskisite\/bize-ulasin\/#breadcrumb\"},\"inLanguage\":\"tr\",\"potentialAction\":[{\"@type\":\"ReadAction\",\"target\":[\"https:\/\/intronglobal.com\/eskisite\/bize-ulasin\/\"]}]},{\"@type\":\"BreadcrumbList\",\"@id\":\"https:\/\/intronglobal.com\/eskisite\/bize-ulasin\/#breadcrumb\",\"itemListElement\":[{\"@type\":\"ListItem\",\"position\":1,\"name\":\"Bize Ula\u015f\u0131n\"}]}]}<\/script>\n<!-- \/ Yoast SEO plugin. -->","yoast_head_json":{"title":"\u0130leti\u015fim | \u0130ntron Bili\u015fim","description":"\u0130ntron Bili\u015fim'e herhangi bir sorunuz varsa, l\u00fctfen bize mesaj g\u00f6ndermekten \u00e7ekinmeyin.En k\u0131sa zamanda size d\u00f6n\u00fc\u015f yapaca\u011f\u0131z.","robots":{"index":"index","follow":"follow","max-snippet":"max-snippet:-1","max-image-preview":"max-image-preview:large","max-video-preview":"max-video-preview:-1"},"canonical":"https:\/\/intronglobal.com\/eskisite\/bize-ulasin\/","og_locale":"tr_TR","og_type":"article","og_title":"\u0130leti\u015fim | \u0130ntron Bili\u015fim","og_description":"\u0130ntron Bili\u015fim'e herhangi bir sorunuz varsa, l\u00fctfen bize mesaj g\u00f6ndermekten \u00e7ekinmeyin.En k\u0131sa zamanda size d\u00f6n\u00fc\u015f yapaca\u011f\u0131z.","og_url":"https:\/\/intronglobal.com\/eskisite\/bize-ulasin\/","og_site_name":"\u0130ntron Bili\u015fim","article_publisher":"https:\/\/www.facebook.com\/introntr\/","article_modified_time":"2022-10-18T10:55:07+00:00","twitter_card":"summary_large_image","twitter_site":"@intronbilisimtr","schema":{"@context":"https:\/\/schema.org","@graph":[{"@type":"WebSite","@id":"https:\/\/intronglobal.com\/eskisite\/#website","url":"https:\/\/intronglobal.com\/eskisite\/","name":"\u0130ntron Bili\u015fim","description":"Ke\u015ffet, Geli\u015ftir, Uygula...","potentialAction":[{"@type":"SearchAction","target":{"@type":"EntryPoint","urlTemplate":"https:\/\/intronglobal.com\/eskisite\/?s={search_term_string}"},"query-input":"required name=search_term_string"}],"inLanguage":"tr"},{"@type":"WebPage","@id":"https:\/\/intronglobal.com\/eskisite\/bize-ulasin\/#webpage","url":"https:\/\/intronglobal.com\/eskisite\/bize-ulasin\/","name":"\u0130leti\u015fim | \u0130ntron Bili\u015fim","isPartOf":{"@id":"https:\/\/intronglobal.com\/eskisite\/#website"},"datePublished":"2018-10-20T09:11:48+00:00","dateModified":"2022-10-18T10:55:07+00:00","description":"\u0130ntron Bili\u015fim'e herhangi bir sorunuz varsa, l\u00fctfen bize mesaj g\u00f6ndermekten \u00e7ekinmeyin.En k\u0131sa zamanda size d\u00f6n\u00fc\u015f yapaca\u011f\u0131z.","breadcrumb":{"@id":"https:\/\/intronglobal.com\/eskisite\/bize-ulasin\/#breadcrumb"},"inLanguage":"tr","potentialAction":[{"@type":"ReadAction","target":["https:\/\/intronglobal.com\/eskisite\/bize-ulasin\/"]}]},{"@type":"BreadcrumbList","@id":"https:\/\/intronglobal.com\/eskisite\/bize-ulasin\/#breadcrumb","itemListElement":[{"@type":"ListItem","position":1,"name":"Bize Ula\u015f\u0131n"}]}]}},"_links":{"self":[{"href":"https:\/\/intronglobal.com\/eskisite\/wp-json\/wp\/v2\/pages\/417"}],"collection":[{"href":"https:\/\/intronglobal.com\/eskisite\/wp-json\/wp\/v2\/pages"}],"about":[{"href":"https:\/\/intronglobal.com\/eskisite\/wp-json\/wp\/v2\/types\/page"}],"author":[{"embeddable":true,"href":"https:\/\/intronglobal.com\/eskisite\/wp-json\/wp\/v2\/users\/1"}],"replies":[{"embeddable":true,"href":"https:\/\/intronglobal.com\/eskisite\/wp-json\/wp\/v2\/comments?post=417"}],"version-history":[{"count":1,"href":"https:\/\/intronglobal.com\/eskisite\/wp-json\/wp\/v2\/pages\/417\/revisions"}],"predecessor-version":[{"id":64765,"href":"https:\/\/intronglobal.com\/eskisite\/wp-json\/wp\/v2\/pages\/417\/revisions\/64765"}],"wp:attachment":[{"href":"https:\/\/intronglobal.com\/eskisite\/wp-json\/wp\/v2\/media?parent=417"}],"curies":[{"name":"wp","href":"https:\/\/api.w.org\/{rel}","templated":true}]}}