{"id":970,"date":"2018-11-27T18:23:44","date_gmt":"2018-11-27T15:23:44","guid":{"rendered":"https:\/\/intronglobal.com\/eskisite\/?page_id=970"},"modified":"2018-12-06T18:06:06","modified_gmt":"2018-12-06T15:06:06","slug":"contact-us","status":"publish","type":"page","link":"https:\/\/intronglobal.com\/eskisite\/en\/contact-us\/","title":{"rendered":"Contact Us"},"content":{"rendered":"<p>-33.8710<\/p>\n<p>151.2039<\/p>\n<p>13<\/p>\n<p>400<\/p>\n<p>ROADMAP<\/p>\n<p>http:\/\/localhost\/wordpress\/wp-content\/uploads\/2015\/02\/home_photo_pin.png<\/p>\n<p>[{&#8220;featureType&#8221;:&#8221;landscape&#8221;,&#8221;stylers&#8221;:[{&#8220;saturation&#8221;:-100},{&#8220;lightness&#8221;:65},{&#8220;visibility&#8221;:&#8221;on&#8221;}]},{&#8220;featureType&#8221;:&#8221;poi&#8221;,&#8221;stylers&#8221;:[{&#8220;saturation&#8221;:-100},{&#8220;lightness&#8221;:51},{&#8220;visibility&#8221;:&#8221;simplified&#8221;}]},{&#8220;featureType&#8221;:&#8221;road.highway&#8221;,&#8221;stylers&#8221;:[{&#8220;saturation&#8221;:-100},{&#8220;visibility&#8221;:&#8221;simplified&#8221;}]},{&#8220;featureType&#8221;:&#8221;road.arterial&#8221;,&#8221;stylers&#8221;:[{&#8220;saturation&#8221;:-100},{&#8220;lightness&#8221;:30},{&#8220;visibility&#8221;:&#8221;on&#8221;}]},{&#8220;featureType&#8221;:&#8221;road.local&#8221;,&#8221;stylers&#8221;:[{&#8220;saturation&#8221;:-100},{&#8220;lightness&#8221;:40},{&#8220;visibility&#8221;:&#8221;on&#8221;}]},{&#8220;featureType&#8221;:&#8221;transit&#8221;,&#8221;stylers&#8221;:[{&#8220;saturation&#8221;:-100},{&#8220;visibility&#8221;:&#8221;simplified&#8221;}]},{&#8220;featureType&#8221;:&#8221;administrative.province&#8221;,&#8221;stylers&#8221;:[{&#8220;visibility&#8221;:&#8221;off&#8221;}]},{&#8220;featureType&#8221;:&#8221;water&#8221;,&#8221;elementType&#8221;:&#8221;labels&#8221;,&#8221;stylers&#8221;:[{&#8220;visibility&#8221;:&#8221;on&#8221;},{&#8220;lightness&#8221;:-25},{&#8220;saturation&#8221;:-100}]},{&#8220;featureType&#8221;:&#8221;water&#8221;,&#8221;elementType&#8221;:&#8221;geometry&#8221;,&#8221;stylers&#8221;:[{&#8220;hue&#8221;:&#8221;#ffff00&#8243;},{&#8220;lightness&#8221;:-25},{&#8220;saturation&#8221;:-97}]}]<\/p>\n<p>Our office<\/p>\n<p>Envato<br \/>\nLevel 13, 2 Elizabeth<br \/>\nVictoria 3000 Australia<\/p>\n<p>box<\/p>\n<p>icon-mail-line<\/p>\n<p><big style=\"padding-top: 12px; display: block\">Have any questions?<\/big><\/p>\n<h4><a href=\"mailto:bilgi@intron.com.tr\">bilgi@intron.com.tr<\/a><\/h4>\n<p>2<\/p>\n<p>icon-comment-line<\/p>\n<p><big style=\"padding-top: 12px; display: block\">Call us<\/big><\/p>\n<h4><a href=\"tel:+903124733825\">+90 312 473 38 25<\/a><\/h4>\n<p>2<\/p>\n<p>Write a message<\/p>\n<p><hr class=\"no_line\" style=\"margin:0 auto 20px\"\/>\n<br \/>\n<a href=\"https:\/\/www.facebook.com\/\" class=\"icon_bar  icon_bar_facebook icon_bar_small\" target=\"_blank\"><span class=\"t\"><i class=\"icon-facebook\"><\/i><\/span><span class=\"b\"><i class=\"icon-facebook\"><\/i><\/span><\/a>\n<a href=\"https:\/\/plus.google.com\/\" class=\"icon_bar  icon_bar_google icon_bar_small\" target=\"_blank\"><span class=\"t\"><i class=\"icon-gplus\"><\/i><\/span><span class=\"b\"><i class=\"icon-gplus\"><\/i><\/span><\/a>\n<a href=\"https:\/\/twitter.com\/Muffin_Group\" class=\"icon_bar  icon_bar_twitter icon_bar_small\" ><span class=\"t\"><i class=\"icon-twitter\"><\/i><\/span><span class=\"b\"><i class=\"icon-twitter\"><\/i><\/span><\/a>\n<a href=\"https:\/\/vimeo.com\/\" class=\"icon_bar  icon_bar_vimeo icon_bar_small\" ><span class=\"t\"><i class=\"icon-vimeo\"><\/i><\/span><span class=\"b\"><i class=\"icon-vimeo\"><\/i><\/span><\/a>\n<a href=\"https:\/\/www.linkedin.com\/\" class=\"icon_bar  icon_bar_linkedin icon_bar_small\" ><span class=\"t\"><i class=\"icon-linkedin\"><\/i><\/span><span class=\"b\"><i class=\"icon-linkedin\"><\/i><\/span><\/a>\n<\/p>\n<p>no-repeat;left top;;<\/p>\n<p>auto<\/p>\n<p>default<\/p>\n<p>default<\/p>\n<hr class=\"no_line\" style=\"margin:0 auto 10px\"\/>\n\n<h4 style=\"margin-bottom: 5px;\">Ankara:<\/h4>\n<hr class=\"no_line\" style=\"margin:0 auto 5px\"\/>\n\n<div style=\"width: 50px; height: 2px; background: #aa4580;\"><\/div>\n<hr class=\"no_line\" style=\"margin:0 auto 5px\"\/>\n\n<p>\u0130\u015f\u00e7i Bloklar\u0131 Mahallesi Mevlana Bulvar\u0131 (Konya Yolu) Ege Plaza No:182\/3\/5-6 \u00c7ankaya\/Ankara<br \/>\n<hr class=\"no_line\" style=\"margin:0 auto 5px\"\/>\n<\/p>\n<p style=\"color: #fff;\">Tel : +90 312 473 38 25<br \/>\nbilgi@intron.com.tr <\/p>\n<p>no-repeat;left top;;<\/p>\n<p>auto<\/p>\n<hr class=\"no_line\" style=\"margin:0 auto 10px\"\/>\n\n<h4 style=\"margin-bottom: 5px;\">\u0130stanbul: <\/h4>\n<hr class=\"no_line\" style=\"margin:0 auto 5px\"\/>\n\n<div style=\"width: 50px; height: 2px; background: #aa4580;\"><\/div>\n<hr class=\"no_line\" style=\"margin:0 auto 5px\"\/>\n\n<p>Sultan \u00c7iftli\u011fi Mahallesi K\u0131br\u0131s Caddesi Neveser Konaklar\u0131 C1 4 S 14 \u00c7ekmek\u00f6y\/\u0130stanbul<br \/>\n<hr class=\"no_line\" style=\"margin:0 auto 5px\"\/>\n<\/p>\n<p style=\"color: #fff;\">Tel : +90 216 553 13 33<br \/>\nbilgi@intron.com.tr <\/p>\n<p>no-repeat;left top;;<\/p>\n<p>auto<\/p>\n<hr class=\"no_line\" style=\"margin:0 auto 10px\"\/>\n\n<h4 style=\"margin-bottom: 5px;\">\u0130zmir:  <\/h4>\n<hr class=\"no_line\" style=\"margin:0 auto 5px\"\/>\n\n<div style=\"width: 50px; height: 2px; background: #aa4580;\"><\/div>\n<hr class=\"no_line\" style=\"margin:0 auto 5px\"\/>\n\n<p>Mansuro\u011flu Mahallesi 284\/1 Sokak No:6 K:2 D:2 Bayrakl\u0131\/\u0130zmir<br \/>\n<hr class=\"no_line\" style=\"margin:0 auto 5px\"\/>\n<\/p>\n<p style=\"color: #fff;\">Tel : +90 232 462 67 38<br \/>\nbilgi@intron.com.tr <\/p>\n<p>no-repeat;left top;;<\/p>\n<p>auto<\/p>\n<p>no-repeat;left top;;<\/p>\n<p>auto<\/p>\n<p>Contact form<\/p>\n<h3>Send us a message<\/h3>\n<p class=\"big\">If you have any questions, please feel free to send message to us. We will get back to you within <span class=\"tooltip tooltip-txt\" data-tooltip=\"Monday-Saturday8:00am-6:00pm\">24 hours<\/span>\n<\/p>\n<p><hr class=\"no_line\" style=\"margin:0 auto 30px\"\/>\n<br \/>\n<div role=\"form\" class=\"wpcf7\" id=\"wpcf7-f1169-o1\" lang=\"en-US\" dir=\"ltr\">\n<div class=\"screen-reader-response\"><p role=\"status\" aria-live=\"polite\" aria-atomic=\"true\"><\/p> <ul><\/ul><\/div>\n<form action=\"\/eskisite\/wp-json\/wp\/v2\/pages\/970#wpcf7-f1169-o1\" method=\"post\" class=\"wpcf7-form init\" novalidate=\"novalidate\" data-status=\"init\">\n<div style=\"display: none;\">\n<input type=\"hidden\" name=\"_wpcf7\" value=\"1169\" \/>\n<input type=\"hidden\" name=\"_wpcf7_version\" value=\"5.5.6\" \/>\n<input type=\"hidden\" name=\"_wpcf7_locale\" value=\"en_US\" \/>\n<input type=\"hidden\" name=\"_wpcf7_unit_tag\" value=\"wpcf7-f1169-o1\" \/>\n<input type=\"hidden\" name=\"_wpcf7_container_post\" value=\"0\" \/>\n<input type=\"hidden\" name=\"_wpcf7_posted_data_hash\" value=\"\" \/>\n<\/div>\n<div class=\"column one-third\"><label>Full Name:<\/label><span class=\"wpcf7-form-control-wrap your-name\"><input type=\"text\" name=\"your-name\" value=\"\" size=\"40\" class=\"wpcf7-form-control wpcf7-text wpcf7-validates-as-required\" aria-required=\"true\" aria-invalid=\"false\" \/><\/span><\/div>\n<div class=\"column one-third\"><label>E-mail Adress:<\/label><span class=\"wpcf7-form-control-wrap your-email\"><input type=\"email\" name=\"your-email\" value=\"\" size=\"40\" class=\"wpcf7-form-control wpcf7-text wpcf7-email wpcf7-validates-as-required wpcf7-validates-as-email\" aria-required=\"true\" aria-invalid=\"false\" \/><\/span><\/div>\n<div class=\"column one-third\"><label>Subject:<\/label><span class=\"wpcf7-form-control-wrap your-subject\"><input type=\"text\" name=\"your-subject\" value=\"\" size=\"40\" class=\"wpcf7-form-control wpcf7-text\" aria-invalid=\"false\" \/><\/span><\/div>\n<div class=\"column one\"><label>Message:<\/label><span class=\"wpcf7-form-control-wrap your-message\"><textarea name=\"your-message\" cols=\"40\" rows=\"4\" class=\"wpcf7-form-control wpcf7-textarea\" aria-invalid=\"false\"><\/textarea><\/span><\/div>\n<div class=\"column one\"><input type=\"submit\" value=\"Submit\" class=\"wpcf7-form-control has-spinner wpcf7-submit\" \/><\/div>\n<div class=\"wpcf7-response-output\" aria-hidden=\"true\"><\/div><\/form><\/div>\n<p>center<\/p>\n<p>no-repeat;left top;;<\/p>\n<p>auto<\/p>\n","protected":false},"excerpt":{"rendered":"<p>-33.8710 151.2039 13 400 ROADMAP http:\/\/localhost\/wordpress\/wp-content\/uploads\/2015\/02\/home_photo_pin.png [{&#8220;featureType&#8221;:&#8221;landscape&#8221;,&#8221;stylers&#8221;:[{&#8220;saturation&#8221;:-100},{&#8220;lightness&#8221;:65},{&#8220;visibility&#8221;:&#8221;on&#8221;}]},{&#8220;featureType&#8221;:&#8221;poi&#8221;,&#8221;stylers&#8221;:[{&#8220;saturation&#8221;:-100},{&#8220;lightness&#8221;:51},{&#8220;visibility&#8221;:&#8221;simplified&#8221;}]},{&#8220;featureType&#8221;:&#8221;road.highway&#8221;,&#8221;stylers&#8221;:[{&#8220;saturation&#8221;:-100},{&#8220;visibility&#8221;:&#8221;simplified&#8221;}]},{&#8220;featureType&#8221;:&#8221;road.arterial&#8221;,&#8221;stylers&#8221;:[{&#8220;saturation&#8221;:-100},{&#8220;lightness&#8221;:30},{&#8220;visibility&#8221;:&#8221;on&#8221;}]},{&#8220;featureType&#8221;:&#8221;road.local&#8221;,&#8221;stylers&#8221;:[{&#8220;saturation&#8221;:-100},{&#8220;lightness&#8221;:40},{&#8220;visibility&#8221;:&#8221;on&#8221;}]},{&#8220;featureType&#8221;:&#8221;transit&#8221;,&#8221;stylers&#8221;:[{&#8220;saturation&#8221;:-100},{&#8220;visibility&#8221;:&#8221;simplified&#8221;}]},{&#8220;featureType&#8221;:&#8221;administrative.province&#8221;,&#8221;stylers&#8221;:[{&#8220;visibility&#8221;:&#8221;off&#8221;}]},{&#8220;featureType&#8221;:&#8221;water&#8221;,&#8221;elementType&#8221;:&#8221;labels&#8221;,&#8221;stylers&#8221;:[{&#8220;visibility&#8221;:&#8221;on&#8221;},{&#8220;lightness&#8221;:-25},{&#8220;saturation&#8221;:-100}]},{&#8220;featureType&#8221;:&#8221;water&#8221;,&#8221;elementType&#8221;:&#8221;geometry&#8221;,&#8221;stylers&#8221;:[{&#8220;hue&#8221;:&#8221;#ffff00&#8243;},{&#8220;lightness&#8221;:-25},{&#8220;saturation&#8221;:-97}]}] Our office Envato Level 13, 2 Elizabeth Victoria 3000 Australia box icon-mail-line Have any questions? bilgi@intron.com.tr 2 icon-comment-line Call<span class=\"excerpt-hellip\"> [\u2026]<\/span><\/p>\n","protected":false},"author":1,"featured_media":0,"parent":0,"menu_order":0,"comment_status":"closed","ping_status":"closed","template":"","meta":[],"yoast_head":"<!-- This site is optimized with the Yoast SEO plugin v18.5.1 - https:\/\/yoast.com\/wordpress\/plugins\/seo\/ -->\n<title>Contact Us | Intron IT<\/title>\n<meta name=\"description\" content=\"If you have any questions about Intron IT, please do not hesitate to contact us.We will get back to you within 24 hours\" \/>\n<meta name=\"robots\" content=\"index, follow, max-snippet:-1, max-image-preview:large, max-video-preview:-1\" \/>\n<link rel=\"canonical\" href=\"https:\/\/intronglobal.com\/eskisite\/en\/contact-us\/\" \/>\n<meta property=\"og:locale\" content=\"tr_TR\" \/>\n<meta property=\"og:type\" content=\"article\" \/>\n<meta property=\"og:title\" content=\"Contact Us | Intron IT\" \/>\n<meta property=\"og:description\" content=\"If you have any questions about Intron IT, please do not hesitate to contact us.We will get back to you within 24 hours\" \/>\n<meta property=\"og:url\" content=\"https:\/\/intronglobal.com\/eskisite\/en\/contact-us\/\" \/>\n<meta property=\"og:site_name\" content=\"\u0130ntron Bili\u015fim\" \/>\n<meta property=\"article:publisher\" content=\"https:\/\/www.facebook.com\/introntr\/\" \/>\n<meta property=\"article:modified_time\" content=\"2018-12-06T15:06:06+00:00\" \/>\n<meta name=\"twitter:card\" content=\"summary_large_image\" \/>\n<meta name=\"twitter:site\" content=\"@intronbilisimtr\" \/>\n<meta name=\"twitter:label1\" content=\"Tahmini okuma s\u00fcresi\" \/>\n\t<meta name=\"twitter:data1\" content=\"2 dakika\" \/>\n<script type=\"application\/ld+json\" class=\"yoast-schema-graph\">{\"@context\":\"https:\/\/schema.org\",\"@graph\":[{\"@type\":\"WebSite\",\"@id\":\"https:\/\/intronglobal.com\/eskisite\/#website\",\"url\":\"https:\/\/intronglobal.com\/eskisite\/\",\"name\":\"\u0130ntron Bili\u015fim\",\"description\":\"Ke\u015ffet, Geli\u015ftir, Uygula...\",\"potentialAction\":[{\"@type\":\"SearchAction\",\"target\":{\"@type\":\"EntryPoint\",\"urlTemplate\":\"https:\/\/intronglobal.com\/eskisite\/?s={search_term_string}\"},\"query-input\":\"required name=search_term_string\"}],\"inLanguage\":\"tr\"},{\"@type\":\"WebPage\",\"@id\":\"https:\/\/intronglobal.com\/eskisite\/en\/contact-us\/#webpage\",\"url\":\"https:\/\/intronglobal.com\/eskisite\/en\/contact-us\/\",\"name\":\"Contact Us | Intron IT\",\"isPartOf\":{\"@id\":\"https:\/\/intronglobal.com\/eskisite\/#website\"},\"datePublished\":\"2018-11-27T15:23:44+00:00\",\"dateModified\":\"2018-12-06T15:06:06+00:00\",\"description\":\"If you have any questions about Intron IT, please do not hesitate to contact us.We will get back to you within 24 hours\",\"breadcrumb\":{\"@id\":\"https:\/\/intronglobal.com\/eskisite\/en\/contact-us\/#breadcrumb\"},\"inLanguage\":\"tr\",\"potentialAction\":[{\"@type\":\"ReadAction\",\"target\":[\"https:\/\/intronglobal.com\/eskisite\/en\/contact-us\/\"]}]},{\"@type\":\"BreadcrumbList\",\"@id\":\"https:\/\/intronglobal.com\/eskisite\/en\/contact-us\/#breadcrumb\",\"itemListElement\":[{\"@type\":\"ListItem\",\"position\":1,\"name\":\"Contact Us\"}]}]}<\/script>\n<!-- \/ Yoast SEO plugin. -->","yoast_head_json":{"title":"Contact Us | Intron IT","description":"If you have any questions about Intron IT, please do not hesitate to contact us.We will get back to you within 24 hours","robots":{"index":"index","follow":"follow","max-snippet":"max-snippet:-1","max-image-preview":"max-image-preview:large","max-video-preview":"max-video-preview:-1"},"canonical":"https:\/\/intronglobal.com\/eskisite\/en\/contact-us\/","og_locale":"tr_TR","og_type":"article","og_title":"Contact Us | Intron IT","og_description":"If you have any questions about Intron IT, please do not hesitate to contact us.We will get back to you within 24 hours","og_url":"https:\/\/intronglobal.com\/eskisite\/en\/contact-us\/","og_site_name":"\u0130ntron Bili\u015fim","article_publisher":"https:\/\/www.facebook.com\/introntr\/","article_modified_time":"2018-12-06T15:06:06+00:00","twitter_card":"summary_large_image","twitter_site":"@intronbilisimtr","twitter_misc":{"Tahmini okuma s\u00fcresi":"2 dakika"},"schema":{"@context":"https:\/\/schema.org","@graph":[{"@type":"WebSite","@id":"https:\/\/intronglobal.com\/eskisite\/#website","url":"https:\/\/intronglobal.com\/eskisite\/","name":"\u0130ntron Bili\u015fim","description":"Ke\u015ffet, Geli\u015ftir, Uygula...","potentialAction":[{"@type":"SearchAction","target":{"@type":"EntryPoint","urlTemplate":"https:\/\/intronglobal.com\/eskisite\/?s={search_term_string}"},"query-input":"required name=search_term_string"}],"inLanguage":"tr"},{"@type":"WebPage","@id":"https:\/\/intronglobal.com\/eskisite\/en\/contact-us\/#webpage","url":"https:\/\/intronglobal.com\/eskisite\/en\/contact-us\/","name":"Contact Us | Intron IT","isPartOf":{"@id":"https:\/\/intronglobal.com\/eskisite\/#website"},"datePublished":"2018-11-27T15:23:44+00:00","dateModified":"2018-12-06T15:06:06+00:00","description":"If you have any questions about Intron IT, please do not hesitate to contact us.We will get back to you within 24 hours","breadcrumb":{"@id":"https:\/\/intronglobal.com\/eskisite\/en\/contact-us\/#breadcrumb"},"inLanguage":"tr","potentialAction":[{"@type":"ReadAction","target":["https:\/\/intronglobal.com\/eskisite\/en\/contact-us\/"]}]},{"@type":"BreadcrumbList","@id":"https:\/\/intronglobal.com\/eskisite\/en\/contact-us\/#breadcrumb","itemListElement":[{"@type":"ListItem","position":1,"name":"Contact Us"}]}]}},"_links":{"self":[{"href":"https:\/\/intronglobal.com\/eskisite\/wp-json\/wp\/v2\/pages\/970"}],"collection":[{"href":"https:\/\/intronglobal.com\/eskisite\/wp-json\/wp\/v2\/pages"}],"about":[{"href":"https:\/\/intronglobal.com\/eskisite\/wp-json\/wp\/v2\/types\/page"}],"author":[{"embeddable":true,"href":"https:\/\/intronglobal.com\/eskisite\/wp-json\/wp\/v2\/users\/1"}],"replies":[{"embeddable":true,"href":"https:\/\/intronglobal.com\/eskisite\/wp-json\/wp\/v2\/comments?post=970"}],"version-history":[{"count":0,"href":"https:\/\/intronglobal.com\/eskisite\/wp-json\/wp\/v2\/pages\/970\/revisions"}],"wp:attachment":[{"href":"https:\/\/intronglobal.com\/eskisite\/wp-json\/wp\/v2\/media?parent=970"}],"curies":[{"name":"wp","href":"https:\/\/api.w.org\/{rel}","templated":true}]}}